+ 23*n - 23. Let z be i(2). What is r(z)?
-15
Let s(p) be the first derivative of -37 + p**2 - 1/3*p**3 + 2*p. Calculate s(2).
2
Let c(f) = -f**2 - 4*f + 1. Let h be c(-2). Let g(m) = h*m**3 - 5*m**3 - 2*m + m + 3*m**3. Determine g(-1).
-2
Let c(r) be the second derivative of 1/12*r**4 - 1/3*r**3 + 0 + 6*r - r**2. Give c(6).
22
Let k be (1/3)/(1/3). Let u(r) be the second derivative of -r**5/20 - 22*r + 5. Give u(k).
-1
Let d(v) be the third derivative of -v**7/2520 + 13*v**6/720 - v**5/8 + 9*v**4/8 + v**3/3 + 30*v**2. Let g(l) be the second derivative of d(l). Calculate g(10).
15
Let w = -14 + 16. Let h be (-117)/(-18)*(w - 0). Let s(q) = -10 + q + h - 8. Calculate s(-4).
-9
Let m = -66 - -73. Let w(x) = -x**3 + 6*x**2 + 4*x - 2. What is w(m)?
-23
Let f(c) be the third derivative of c**6/30 - c**5/30 + c**4/24 - c**3/3 + 2*c**2 + 209. What is f(2)?
24
Let w(d) = d - 17. Let f be (-2)/6*-39 + -3 - -1. What is w(f)?
-6
Let l(o) be the second derivative of 1/3*o**3 + 2*o + 0 - 7/2*o**2 - 1/3*o**4 - 1/20*o**5. Calculate l(-5).
8
Let t(s) be the first derivative of -21*s**2 - s + 569. Calculate t(1).
-43
Let i be (27/(-54))/((-2)/8*-2). Let d(f) = 11*f**3 - 3*f**2 - 4*f - 5. Let a(k) = -32*k**3 + 8*k**2 + 11*k + 14. Let u(w) = -4*a(w) - 11*d(w). Give u(i).
-7
Let m(n) = n**3 + 22*n**2 + 41*n + 27. Let j be m(-20). Let y(d) = 5*d + 1. What is y(j)?
36
Suppose -9 = 2*n + v, 0 = 5*n - v - 433 + 452. Let y(q) = -3*q**2 - 10*q - 6. Give y(n).
-14
Let o(c) = -c + 16. Let n be o(12). Let l(b) = -n - b + 15 - 11. Give l(-2).
2
Let f be 2*2*(-35)/20. Let h(s) = -s + 20. Let k(t) = -5. Let g(p) = -2*h(p) - 9*k(p). Determine g(f).
-9
Let i(g) be the first derivative of 1/2*g**2 - 6 + 9*g - 5/6*g**3. Let m(p) be the first derivative of i(p). Determine m(1).
-4
Let a(v) = -5 - 1 + 16 + v**2 - 6*v - 8. Determine a(5).
-3
Let r(w) = w**3 - 3*w**2 - 2*w + 2. Let l be 2/3*(-90)/20. Let o be 17/4 - l/(-12). Determine r(o).
10
Let f(w) = -w**3 + 7*w**2 + w - 20. Let m(k) = -k**3 + 6*k**2 + 3*k - 19. Let g(p) = 5*f(p) - 4*m(p). Give g(10).
6
Let t(b) = -3*b**3 + 2*b**2 + 2*b + 8. Let g(u) = u**3 - 2*u**2 - 1. Let i(w) = 4*g(w) + t(w). Give i(6).
16
Let x(t) = -t**3 + 4*t**2 + t - 3. Suppose 5*g + 9 = -5*k + 124, -2*k + 73 = 3*g. Let z = -23 + g. Suppose 0*p + z*p - c = 16, -5*p + 4*c = -20. What is x(p)?
1
Let c be 0 + (-7 - 1*-1). Let q(r) = r**2 - 7*r + 2. Let k(a) be the first derivative of a**2/2 - a - 134. Let w(b) = c*k(b) - q(b). Determine w(0).
4
Let f(x) = x**2 + 8*x + 3. Let n be f(-8). Suppose -n*m - 2 = -5. Let q(d) = -d + 2. Give q(m).
1
Let o(p) = -3*p + 3. Let j(u) = -3*u**2 + 48*u - 148. Let y be j(12). Calculate o(y).
15
Let t = 0 + 1. Suppose -s - 7 = -3*n, 0 = 2*n + 2*s + 2*s - 14. Let y(w) = -4*w + 2*w**2 + 0*w + 4*w - w + w**n. Give y(t).
2
Suppose -2*r + 16 = 2*p, 5*r - p = r + 17. Suppose 45 = 5*u + r. Let n(q) = -q**2 + 7*q + 3. What is n(u)?
-5
Let h(w) = -w**3 - 10*w**2 + 7*w + 73. Let z be h(-10). Suppose -5*g = -0*r - r - 16, 3*r + 6 = g. Let v(n) = -2*n**2 + g*n + n**2 - 3 + 0*n**2. What is v(z)?
-3
Let z(j) = -1 + 7*j - j**2 - 2 + 3*j - 3 + 0. What is z(7)?
15
Let w(f) be the third derivative of f**5/40 - 7*f**4/24 + f**3/2 + 13*f**2. Let y(x) be the first derivative of w(x). Calculate y(5).
8
Let n(m) be the second derivative of -m**4/12 + m**3 - m**2 + 7*m - 3. Determine n(4).
6
Let q(i) be the first derivative of -2*i**3/3 - 7*i**2/2 + 25*i + 498. Determine q(-6).
-5
Let n be (-2)/(1 - (-2)/(-6)). Let y be 6/(-9) - 17/n. Let x(h) = -2*h + 2 + y*h - 1 - 4*h + 4*h**2. Determine x(1).
4
Let v(l) = -1. Let c(t) = 3*t + 3. Let f(m) = -2*c(m) - 4*v(m). Let u(s) = -8*s - 1. Let n(b) = 3*f(b) - 2*u(b). Calculate n(-3).
2
Let z = 2202 - -759. Let d(c) = -z - 4*c + 2952 - c. Give d(-7).
26
Suppose -3*t = -2*t - 5. Let i(a) = -5 - a - 1 + t. Suppose -32 = 7*l - 4. Give i(l).
3
Let s(x) = 2*x**3 - 5*x**2 + 3*x + 1. Let j(z) = -3*z - 30. Let d be (-24)/(3/1) - 3. Let q be j(d). Calculate s(q).
19
Let j be (16/24)/(4/(-6)). Let o(p) = -p**2 - 1. Suppose 0 = 6*s - 2*s + 8. Let r(q) = 4*q**2 + q - 2. Let b(w) = s*o(w) + r(w). What is b(j)?
5
Let t = -7 + 12. Let b(o) be the third derivative of o**6/120 - o**5/12 - o**2 + 2*o. Calculate b(t).
0
Let p(z) = 0 + 5 + 4*z - 3*z. Suppose r + 5*x + 18 = 8*x, -22 = 3*r - x. Let f(s) = s + 6. Let k(n) = r*f(n) + 7*p(n). Determine k(5).
4
Suppose -2 = -3*c + 10. Let h(w) = 3 + 4*w**2 + 5*w**2 - w**3 - 4*w - c*w**2. Suppose 0 = -35*k + 38*k - 12. Determine h(k).
3
Let z be (6/4)/((-5)/(-10)). Suppose -z = 3*u + 3. Let d be 4 + u + 1 + -4. Let l(t) = -3*t**3 - t**2. Calculate l(d).
2
Let n(o) be the first derivative of -o**4/8 + 7*o**3/6 + 9*o**2/2 - 6. Let q(x) be the second derivative of n(x). Suppose 0 = y + 2*y - 15. Give q(y).
-8
Let m(b) = -3*b - 3. Suppose 3*k - 4*i = 8, 0 = k - 6*i + 10*i + 24. Calculate m(k).
9
Let a(b) = b + 2. Let d = 74 - 91. Let v = -19 - d. Give a(v).
0
Let o = 267 - 269. Let k(a) = 5*a. What is k(o)?
-10
Let q(g) = g + 4. Suppose t - 85 = 2*d, 4*t - d + 195 = 6*t. Let r = t + -98. Calculate q(r).
1
Let u be (2/(-3))/(1/3). Let c = -84 + 101. Let y(a) = -16 - 9*a + c + 6*a. Determine y(u).
7
Let f be (-1 - -16) + 4 + -7. Let l(h) = -h + 15. What is l(f)?
3
Let l(m) = m**2 - 20*m + 64. Let a be l(16). Let r be 8/(-24)*a/2. Let s(t) = -t**2 + t - 2. What is s(r)?
-2
Suppose -h + 17 = 5*p - 5, -4*h + 4*p - 8 = 0. Let q(m) = -1 + 3*m**h - m**3 + 1 + 4. What is q(4)?
-12
Let b(c) = 0 - 6*c - 1 + 5 - 6 + c**2. Let d(i) = 2*i**2 - 11*i - 4. Let t(f) = -7*b(f) + 4*d(f). Calculate t(2).
-2
Let q(o) be the second derivative of -o**5/20 + 13*o**4/12 - 3*o**2/2 + 13*o. Let c be q(13). Let w(v) = v**3 + 3*v**2 + 3*v + 3. Determine w(c).
-6
Let d(j) = -j**3 + 28*j**2 - 52*j. Let r be d(26). Let z(u) = u - 11. Give z(r).
-11
Let g(s) = -5*s**2 - 6*s - 4. Let v(z) = 11*z**2 + 12*z + 9. Let y(h) = -13*g(h) - 6*v(h). Let p = 1102 + -1095. What is y(p)?
-9
Suppose 211 - 1 = -6*y. Let c = -36 - y. Let t(m) = -6*m**2 - m - 1. Determine t(c).
-6
Let d(f) = -2*f - 6. Suppose 9*t - 225 = -16*t. What is d(t)?
-24
Let j(o) be the third derivative of -o**7/2520 - o**6/80 - o**5/20 - o**4/12 + 3*o**2. Let i(t) be the second derivative of j(t). Determine i(-6).
12
Let n(u) be the second derivative of u**5/20 - 7*u**4/12 + 7*u**3/6 + 7*u**2/2 - 188*u. Give n(6).
13
Let u(i) = -6 + i**3 + 254*i**2 - 254*i**2 - i. Suppose 0 = 2*q - 3 + 1. Let t(z) = -z + 1. Let r be t(q). Give u(r).
-6
Let w(x) be the second derivative of x**5/30 - x**4/4 - 11*x**3/6 + 18*x. Let u(v) be the second derivative of w(v). Calculate u(7).
22
Let d be -118*1/(-6) + 2/(-3). Let v(o) = 4*o + 23 + d - 39. Give v(-2).
-5
Let b(h) = 33*h - 35*h + 5 - 2 + 3. Let c = 16 - 10. Calculate b(c).
-6
Let l(o) = o - 8. Suppose -4*x - 111 = 5*d + 11, -5*d - 23 = x. Let n = x + 39. Determine l(n).
-2
Let p be 1*8 + (1 - 10 - -14). Let c(t) = -t**2 + 11*t + 22. Give c(p).
-4
Suppose 2*t + 34 = -5*f, 3*f - 22*t + 24*t = -22. Let m(u) = u - 4. Calculate m(f).
-10
Let o(v) be the first derivative of -9*v**4/4 - v + 3. Suppose -39*n + 5 = -34*n. Calculate o(n).
-10
Let w(r) = -r**2 + 16*r - 22. Let o(t) = -4*t**2 + 67*t - 91. Let c(d) = 6*o(d) - 25*w(d). Calculate c(0).
4
Let c(x) = -7 - 6*x + 7 - x**2 - 3. Let r(y) = -y**2 + 5*y + 2. Let v be r(6). Calculate c(v).
5
Let x(y) = 3*y + 4*y**2 - 4*y**2 - 3*y**2 + 2*y**2 + 6. Let j be (1 - 0 - 6)*1. Let n = j + 10. Calculate x(n).
-4
Suppose 4*o + 7*g = 2*g + 102, 73 = 3*o + 2*g. Let d(z) = 2*z - 41. Give d(o).
5
Let m(j) = -4*j - 1. Suppose 0 = -2*b - 3*p + 1, -b + 15*p = 17*p - 2. What is m(b)?
15
Let k(c) = 5*c + 2. Let y be (-1)/(-2)*10 + -2. Let x(z) = z + y - 2 + 0. Let t(r) = 3*k(r) - 6*x(r). Determine t(-1).
-9
Let k = -126 - -130. Let m(h) = 1151*h**3 - h**2 - k*h**2 - 1150*h**3 - 6*h - 3. Let y = 7 + -1. Give m(y).
-3
Let h(k) = -10*k**3 - 4*k**2 + k + 13. Let c(b) = -27*b**3 - 11*b**2 + 3*b + 38. Let x(u) = -3*c(u) + 8*h(u). Let l be (-1 - -1)/((-8)/4). Calculate x(l).
-10
Let c(t) = -t**2 - 2*t + 1. Let w = -7 - 7. Let j = 11 + w. Give c(j).
-2
Let i(h) = -h**2 - 5*h - 7. Let n(c) = -4*c**2 - 5*c + 4. Let z be n(1). What is i(z)?
-7
Let d(y) = -10 + 3*y + 8 + 8. Let c be (-21)/1*(-2)/(-6). Deter